der when 34 is divided by n?
10
Suppose 2 = 2*h - h. Suppose h*q = 5 + 5. Calculate the remainder when 8 is divided by q.
3
Let d(f) = 5*f - 12. Calculate the remainder when 106 is divided by d(6).
16
Suppose -k - 5*p + 6 = -2*p, 4*p + 72 = 4*k. Calculate the remainder when k is divided by 6.
3
Let z = -68 - -73. What is the remainder when 13 is divided by z?
3
Suppose 4*b - 21 = -y, 0 = -4*y + 8 + 12. Suppose -f - b*f = -120. Calculate the remainder when 47 is divided by f.
23
Let v = -12 + 3. Let h(r) = -r**3 - 6*r**2 + r + 7. Let q be h(-6). Let u = q - v. What is the remainder when 29 is divided by u?
9
Suppose 3*n = 2*n + 2. Suppose 0 = n*b + b + 12, -5*c + 4*b + 26 = 0. What is the remainder when 4 is divided by c?
0
Let i(n) = -n**2 - 10*n - 9. Let d be i(-6). What is the remainder when ((-18)/d)/((-2)/20) is divided by 5?
2
Let q = 603 - 338. Suppose 5*f = -5*t + q, -t + 200 = 6*f - 2*f. Calculate the remainder when f is divided by 17.
15
Let i(t) = -20*t + 14*t + 2 + 6*t + 4*t**2. Let a be 0*1/2 + -3. Calculate the remainder when i(a) is divided by 10.
8
Let i = 29 - 4. Calculate the remainder when 96 is divided by i.
21
Let s = -10 + 4. Let t(v) = v**2 + 5*v + 6. Let i be t(s). Suppose 3*m - 2*d - 6 - 44 = 0, -3*d = i. What is the remainder when m is divided by 8?
6
Let o(s) = -s**3 + 4*s**2 + 5*s - 5. Let q be o(5). Suppose -5*z = -10 - 5. What is the remainder when z is divided by q*(9/15 - 1)?
1
Let j be (-177)/(-2) - (-3)/(-6). Suppose -5*g = -b + 2*b - 80, -j = -4*g + 4*b. Calculate the remainder when g is divided by 9.
8
Let m(u) = 2*u + 49. What is the remainder when m(0) is divided by 25?
24
Let n(a) = a**2 + 9. What is the remainder when n(-3) is divided by 7?
4
Suppose -33 = -3*k + 3*c, 2*k + c - 34 = 6*c. Calculate the remainder when 27 is divided by k.
6
Suppose -3*g = 3*v - 20 - 16, -4*v + g + 63 = 0. Let a = v + -11. Suppose 38 - 14 = a*c. What is the remainder when 17 is divided by c?
5
Let u(l) = l**2 + 11*l - 6. Suppose 44 = 4*f - 8. What is the remainder when u(-14) is divided by f?
10
Suppose 3*z = -5*c - 0*z + 25, 0 = 4*c + 3*z - 17. Calculate the remainder when 28 is divided by c.
4
Suppose -2*u = 3*p + 122, -3*u - 3*p = 65 + 124. Let j = u + 102. Calculate the remainder when j is divided by -1 - 4/((-16)/76).
17
Suppose 3*x - 32 = -5. Let g be (2/(-5))/((-1)/60). Suppose 3*d = g - 9. What is the remainder when x is divided by d?
4
Let g be (24/15)/(6/75). Let c = 18 + g. What is the remainder when c is divided by 13?
12
Suppose -4*y = y - 200. What is the remainder when 77 is divided by y?
37
Let r(j) = -j**3 + 5*j**2 + 9*j - 7. Suppose o = 5*o - 44. Suppose -o + 41 = 5*f. Calculate the remainder when 32 is divided by r(f).
10
Let b(a) = a + 3. Let i be b(-10). What is the remainder when 43 is divided by (i - -5)/(2/(-15))?
13
Let i(v) = 2*v**2 + v - 1. What is the remainder when 7 is divided by i(1)?
1
Suppose 0*i = -5*i + 90. Let v(a) = a**3 - 6*a**2 - 5*a - 7. Suppose -3*y + 35 + 11 = -5*b, 3*b = -2*y - 1. Calculate the remainder when i is divided by v(y).
4
Let k = -1 + 13. Calculate the remainder when 22 is divided by k.
10
Suppose 56 = 3*s + s. Calculate the remainder when 23 is divided by s.
9
Let m(p) = p - 3. Let c be m(-3). Let z be 57/(-9) + (-2)/c. What is the remainder when (7/(-3))/(1/z) is divided by 8?
6
Let g = -3 - -3. Let k be 0 - (-2 + g/3). Suppose -k*y - 4 = -8. Calculate the remainder when 3 is divided by y.
1
Let y(d) = -d**2 - 10*d - 10. What is the remainder when y(-7) is divided by 6?
5
Suppose -4*j = -14*j + 140. Calculate the remainder when 26 is divided by j.
12
Let d(i) = 2*i**3 + 2*i + 1. Let u be d(-1). What is the remainder when 3*u*123/(-27) is divided by 11?
8
Suppose 6*y = 2 + 10. Let i = 11 - 7. What is the remainder when 31 - (i - 2 - y) is divided by 11?
9
Let v = 119 + -110. What is the remainder when 42 is divided by v?
6
Let a = 61 + -40. What is the remainder when 38 is divided by a?
17
Let y be 1/5 - 28/(-10). Suppose 3*b - 3*p + 3 = 0, 4*b - 5*b - p = -y. Calculate the remainder when b is divided by 1.
0
What is the remainder when 51 is divided by (-42)/(-4) + (-6)/(-12)?
7
Let d(s) = -s + 12. Let k be d(14). Let u = 11 + k. What is the remainder when 16 is divided by u?
7
Let f(l) = l**3 + 10*l**2 + 12*l - 4. What is the remainder when f(-6) is divided by 14?
12
Let m = 41 - 22. Let n = m + -7. Calculate the remainder when 34 is divided by n.
10
Suppose -5*v + 5*g + 518 = 2*g, -514 = -5*v - g. What is the remainder when v is divided by 35?
33
Let g = -21 + 29. Calculate the remainder when 29 is divided by g.
5
Let y = -10 - -32. What is the remainder when 107 is divided by y?
19
Let v(s) = 6*s**3 - s**2 + s - 1. Let c = -1 - -4. Suppose -12 - 3 = c*u, -2*z + 4*u = -46. Calculate the remainder when z is divided by v(1).
3
Let f = 14 - 5. Let v be 4/14 - 18/14. Let a = v - -5. Calculate the remainder when f is divided by a.
1
Let v(y) = -y**3 + 10*y**2 - 9*y - 10. Let q be v(9). Calculate the remainder when 22 is divided by -1 + q*(-2)/4.
2
Let g = -28 + 57. Suppose -3*q + 4*s + g = 3, q = s + 7. Calculate the remainder when 5 is divided by q.
1
Let i = -4 - -8. Suppose -3*b = -y + 27, 0*y + 5*b - 193 = -i*y. Suppose 0*k - 3*k = -y. Calculate the remainder when 27 is divided by k.
13
Suppose 4*z - 80 = -z. What is the remainder when z is divided by 6?
4
Suppose 0 = -0*f + f. Suppose -w + f*w + 3 = -2*d, -w + 3*d = -2. What is the remainder when (-68)/(-8) + (-2)/(-4) is divided by w?
4
What is the remainder when 103 is divided by (-2)/((-30)/24 - -1)?
7
Suppose 49 = 5*n + 3*i, 2*i - 16 = -5*n + 35. What is the remainder when (-7 - 1) + 18 + 9 is divided by n?
8
Let z = 3 + 3. Calculate the remainder when z is divided by 3.
0
Suppose 3*b - 68 = -11. Let h(k) = 3*k - 9. Let s be h(7). What is the remainder when b is divided by (11/(-3))/((-4)/s)?
8
Let k(v) = -v**3 - 7*v**2 - 4*v - 4. Let r be k(-6). Calculate the remainder when 29 is divided by 10 - 0/(r/4).
9
Let p(h) = 5*h**2 - h - 1. Calculate the remainder when p(-1) is divided by 2.
1
Let s(g) be the second derivative of g**4/4 + g**3/6 - g**2 - 6*g. What is the remainder when 65 is divided by s(-3)?
21
What is the remainder when (1 - -40) + 11 + -15 is divided by 13?
11
Let r(l) = l**2 + 11*l + 3. Let s be r(-11). Let o be (-4)/s*18/(-12). Suppose 14 = n - o. Calculate the remainder when 29 is divided by n.
13
Let t(b) = -3*b. Calculate the remainder when 22 is divided by t(-2).
4
Let q(o) = -14*o + 1. Suppose -b = 4, 2*b - 6*b - 17 = -d. Let x be 2 - d - 2/1. What is the remainder when 44 is divided by q(x)?
14
Calculate the remainder when (168/14)/(4/18) is divided by 19.
16
Suppose 3*o - 3*n - 31 = -o, 3*o + 2*n - 2 = 0. Suppose o*u = 5*u - 2. Suppose u*a - 54 = -a. What is the remainder when a is divided by 10?
8
Suppose 2*b + 4*x + 1 = -x, 17 = 2*b - x. Let o = -20 + 10. Let m = -7 - o. What is the remainder when b is divided by m?
1
Let g(p) = p**3 + 13*p**2 + 4*p + 6. What is the remainder when g(-12) is divided by 26?
24
Let q = 31 + -9. What is the remainder when 43 is divided by q?
21
Suppose -68 = -8*p + 4*p. Let f(n) = -n**2 - n - 10. Let l be f(0). Let m = p - l. Calculate the remainder when m is divided by 14.
13
Let c = -4 - -6. Suppose -c*d + 3*d = 23. What is the remainder when d is divided by (-98)/(-21)*(-18)/(-7)?
11
Let l be 45/10*4/6. Suppose 5*h - 207 + l = -4*r, -r - 3*h + 58 = 0. Suppose 0*u + 2*u - 32 = 0. Calculate the remainder when r is divided by u.
14
Let n be 4 + 1/((-2)/4). Suppose 5*v - 3 = 2*v, 0 = n*r + 4*v - 120. What is the remainder when r is divided by 30?
28
Suppose -5*b - 5*r + 50 = 0, 0*r + 2*r - 32 = -4*b. What is the remainder when b is divided by 3?
0
Calculate the remainder when 34 is divided by ((-2)/(-6))/((-6)/(-126)).
6
What is the remainder when (60/(-6))/((-6)/33) is divided by 14?
13
Let o = -47 + 65. Calculate the remainder when o is divided by 3.
0
Suppose 0 = -j - 2, -4*t + 59 + 63 = 3*j. What is the remainder when 125 is divided by t?
29
Let k = -23 + 40. Let p(w) = w + 12. Let s be p(-10). What is the remainder when ((-11)/s)/((-2)/12) is divided by k?
16
Let x(g) = -g**3 + 6*g**2 - 3*g - 5. Suppose 0*v + 4 = v. Suppose v - 2 = -c, 30 = 4*h + c. What